{"id":5804,"date":"2024-12-12T21:26:55","date_gmt":"2024-12-12T20:26:55","guid":{"rendered":"https:\/\/cepaac.org\/?page_id=5804"},"modified":"2024-12-13T19:52:09","modified_gmt":"2024-12-13T18:52:09","slug":"somos","status":"publish","type":"page","link":"https:\/\/cepaac.org\/?page_id=5804","title":{"rendered":"Somos"},"content":{"rendered":"<p>[et_pb_section fb_built=&#8221;1&#8243; _builder_version=&#8221;4.27.4&#8243; _module_preset=&#8221;default&#8221; use_background_color_gradient=&#8221;on&#8221; background_color_gradient_stops=&#8221;rgba(0,0,0,0.65) 0%|rgba(0,0,0,0.66) 100%&#8221; background_color_gradient_overlays_image=&#8221;on&#8221; background_image=&#8221;https:\/\/cepaac.org\/wp-content\/uploads\/2024\/12\/somosbg.png&#8221; global_colors_info=&#8221;{}&#8221;][et_pb_row _builder_version=&#8221;4.27.4&#8243; _module_preset=&#8221;default&#8221; global_colors_info=&#8221;{}&#8221;][et_pb_column type=&#8221;4_4&#8243; _builder_version=&#8221;4.27.4&#8243; _module_preset=&#8221;default&#8221; global_colors_info=&#8221;{}&#8221;][et_pb_text _builder_version=&#8221;4.27.4&#8243; _module_preset=&#8221;default&#8221; header_font=&#8221;Poppins|600|||||||&#8221; header_font_size=&#8221;3vw&#8221; header_2_font=&#8221;Poppins|500|||||||&#8221; header_2_font_size=&#8221;2vw&#8221; header_font_size_tablet=&#8221;6vw&#8221; header_font_size_phone=&#8221;8vw&#8221; header_font_size_last_edited=&#8221;on|phone&#8221; header_2_font_size_tablet=&#8221;4vw&#8221; header_2_font_size_phone=&#8221;6vw&#8221; header_2_font_size_last_edited=&#8221;on|phone&#8221; global_colors_info=&#8221;{}&#8221;]<\/p>\n<div class=\"et_pb_module et_pb_text et_pb_text_0  et_pb_text_align_left et_pb_bg_layout_light\">\n<div class=\"et_pb_text_inner\">\n<h2 style=\"text-align: center;\"><span class=\"OYPEnA font-feature-liga-off font-feature-clig-off font-feature-calt-off text-decoration-none text-strikethrough-none\" style=\"color: #ffffff; font-weight: 400; font-style: normal; font-kerning: none;\">Centro de Preservaci\u00f3n de<\/span><span class=\"OYPEnA font-feature-liga-off font-feature-clig-off font-feature-calt-off text-decoration-none text-strikethrough-none white-space-prewrap\" style=\"color: #ffffff; font-weight: 400; font-style: normal; font-kerning: none;\"> <\/span><span class=\"OYPEnA font-feature-liga-off font-feature-clig-off font-feature-calt-off text-decoration-none text-strikethrough-none\" style=\"color: #ffffff; font-weight: 400; font-style: normal; font-kerning: none;\">Archivos <\/span><span class=\"OYPEnA font-feature-liga-off font-feature-clig-off font-feature-calt-off text-decoration-none text-strikethrough-none\" style=\"color: #ffffff; font-weight: bold; font-style: normal; font-kerning: none;\">Comunitarios<\/span><\/h2>\n<\/div>\n<\/div>\n<p>[\/et_pb_text][\/et_pb_column][\/et_pb_row][\/et_pb_section][et_pb_section fb_built=&#8221;1&#8243; _builder_version=&#8221;4.27.4&#8243; _module_preset=&#8221;default&#8221; background_color=&#8221;#000000&#8243; global_colors_info=&#8221;{}&#8221;][et_pb_row _builder_version=&#8221;4.27.4&#8243; _module_preset=&#8221;default&#8221; custom_css_main_element=&#8221;margin: auto;||||&#8221; global_colors_info=&#8221;{}&#8221;][et_pb_column type=&#8221;4_4&#8243; _builder_version=&#8221;4.27.4&#8243; _module_preset=&#8221;default&#8221; global_colors_info=&#8221;{}&#8221;][et_pb_text _builder_version=&#8221;4.27.4&#8243; _module_preset=&#8221;default&#8221; text_font=&#8221;Poppins||||||||&#8221; text_text_color=&#8221;#FFFFFF&#8221; text_font_size=&#8221;0.9vw&#8221; text_font_size_tablet=&#8221;2vw&#8221; text_font_size_phone=&#8221;4vw&#8221; text_font_size_last_edited=&#8221;on|phone&#8221; global_colors_info=&#8221;{}&#8221;]<\/p>\n<p style=\"text-align: justify;\">El Centro de Preservaci\u00f3n de Archivos Audiovisuales Comunitarios, CEPAAC naci\u00f3 dentro del colectivo ProMedios de comunicaci\u00f3n comunitaria para efectuar el rescate del archivo hist\u00f3rico del colectivo. Durante los cuatro a\u00f1os que requiri\u00f3 este proyecto entendimos la necesidad que muchas organizaciones como la nuestra tienen de poder acceder a informaci\u00f3n, capacitaci\u00f3n y recursos para la preservaci\u00f3n de sus acervos<\/p>\n<p style=\"text-align: justify;\">CEPAAC hoy se ha convertido en un espacio que puede ofrecer apoyo para la asesor\u00eda de proyectos de rescate as\u00ed como brindando los servicios para digitalizaci\u00f3n y restauraci\u00f3n de acervos audiovisuales.<\/p>\n<p>Somos fot\u00f3grafos y realizadores formados para la rescatar acervos con norma de preservaci\u00f3n. Nos motiva la urgencia de preservar la experiencia de organizaciones y comunidades peque\u00f1as que sin este acompa\u00f1amiento no tendr\u00edan acceso a las grandes instituciones para resguardar su memoria y compartir esa historia con el mundo.<\/p>\n<p>[\/et_pb_text][\/et_pb_column][\/et_pb_row][et_pb_row column_structure=&#8221;1_3,1_3,1_3&#8243; _builder_version=&#8221;4.27.4&#8243; _module_preset=&#8221;default&#8221; global_colors_info=&#8221;{}&#8221;][et_pb_column type=&#8221;1_3&#8243; _builder_version=&#8221;4.27.4&#8243; _module_preset=&#8221;default&#8221; global_colors_info=&#8221;{}&#8221;][et_pb_image src=&#8221;https:\/\/cepaac.org\/wp-content\/uploads\/2024\/12\/somosbg1.png&#8221; title_text=&#8221;somosbg1&#8243; show_in_lightbox=&#8221;on&#8221; _builder_version=&#8221;4.27.4&#8243; _module_preset=&#8221;default&#8221; global_colors_info=&#8221;{}&#8221;][\/et_pb_image][\/et_pb_column][et_pb_column type=&#8221;1_3&#8243; _builder_version=&#8221;4.27.4&#8243; _module_preset=&#8221;default&#8221; global_colors_info=&#8221;{}&#8221;][et_pb_image src=&#8221;https:\/\/cepaac.org\/wp-content\/uploads\/2024\/12\/somosbg2.png&#8221; title_text=&#8221;somosbg2&#8243; show_in_lightbox=&#8221;on&#8221; _builder_version=&#8221;4.27.4&#8243; _module_preset=&#8221;default&#8221; global_colors_info=&#8221;{}&#8221;][\/et_pb_image][\/et_pb_column][et_pb_column type=&#8221;1_3&#8243; _builder_version=&#8221;4.27.4&#8243; _module_preset=&#8221;default&#8221; global_colors_info=&#8221;{}&#8221;][et_pb_image src=&#8221;https:\/\/cepaac.org\/wp-content\/uploads\/2024\/12\/somosbg3.png&#8221; title_text=&#8221;somosbg3&#8243; show_in_lightbox=&#8221;on&#8221; _builder_version=&#8221;4.27.4&#8243; _module_preset=&#8221;default&#8221; global_colors_info=&#8221;{}&#8221;][\/et_pb_image][\/et_pb_column][\/et_pb_row][et_pb_row _builder_version=&#8221;4.27.4&#8243; _module_preset=&#8221;default&#8221; custom_css_main_element=&#8221;margin: auto;||||&#8221; global_colors_info=&#8221;{}&#8221;][et_pb_column type=&#8221;4_4&#8243; _builder_version=&#8221;4.27.4&#8243; _module_preset=&#8221;default&#8221; global_colors_info=&#8221;{}&#8221;][et_pb_text _builder_version=&#8221;4.27.4&#8243; _module_preset=&#8221;default&#8221; text_font=&#8221;Poppins||||||||&#8221; text_text_color=&#8221;#FFFFFF&#8221; text_font_size=&#8221;0.9vw&#8221; text_font_size_tablet=&#8221;2vw&#8221; text_font_size_phone=&#8221;4vw&#8221; text_font_size_last_edited=&#8221;on|phone&#8221; global_colors_info=&#8221;{}&#8221;]<\/p>\n<p style=\"text-align: justify;\">En ese trabajo de acompa\u00f1amiento surgi\u00f3 la necesidad de preservar la documentaci\u00f3n realizada todos estos a\u00f1os y entonces en el a\u00f1o 2019 se emprendi\u00f3 el proceso de aprendizaje de metodolog\u00edas y adquisici\u00f3n de t\u00e9cnica tecnolog\u00eda para preservar el acervo propio. Habiendo desarrollado un proceso as\u00ed se lleg\u00f3 a la conclusi\u00f3n de que las capacidades construidas deber\u00edan ponerse al servicio de otros colectivos y organizaciones que como el nuestra se enfrentan a la tarea de preservar la memoria de esta regi\u00f3n del mundo. El CEPAAC es un laboratorio que ofrece servicios acompa\u00f1amiento y capacitaci\u00f3n para la preservaci\u00f3n de archivos comunitarios. Nuestra misi\u00f3n es rescatar preservar la memoria popular audiovisual como un recurso para el equilibrar las narrativas hist\u00f3ricas que construir\u00e1n la perspectiva a futuro de estos procesos.<\/p>\n<p>&nbsp;<\/p>\n<p>[\/et_pb_text][\/et_pb_column][\/et_pb_row][\/et_pb_section]<\/p>\n","protected":false},"excerpt":{"rendered":"<p>Centro de Preservaci\u00f3n de Archivos Comunitarios El Centro de Preservaci\u00f3n de Archivos Audiovisuales Comunitarios, CEPAAC naci\u00f3 dentro del colectivo ProMedios de comunicaci\u00f3n comunitaria para efectuar el rescate del archivo hist\u00f3rico del colectivo. Durante los cuatro a\u00f1os que requiri\u00f3 este proyecto entendimos la necesidad que muchas organizaciones como la nuestra tienen de poder acceder a informaci\u00f3n, [&hellip;]<\/p>\n","protected":false},"author":1,"featured_media":0,"parent":0,"menu_order":0,"comment_status":"closed","ping_status":"closed","template":"","meta":{"_et_pb_use_builder":"on","_et_pb_old_content":"<!-- wp:divi\/placeholder \/-->","_et_gb_content_width":"","footnotes":""},"class_list":["post-5804","page","type-page","status-publish","hentry"],"_links":{"self":[{"href":"https:\/\/cepaac.org\/index.php?rest_route=\/wp\/v2\/pages\/5804","targetHints":{"allow":["GET"]}}],"collection":[{"href":"https:\/\/cepaac.org\/index.php?rest_route=\/wp\/v2\/pages"}],"about":[{"href":"https:\/\/cepaac.org\/index.php?rest_route=\/wp\/v2\/types\/page"}],"author":[{"embeddable":true,"href":"https:\/\/cepaac.org\/index.php?rest_route=\/wp\/v2\/users\/1"}],"replies":[{"embeddable":true,"href":"https:\/\/cepaac.org\/index.php?rest_route=%2Fwp%2Fv2%2Fcomments&post=5804"}],"version-history":[{"count":4,"href":"https:\/\/cepaac.org\/index.php?rest_route=\/wp\/v2\/pages\/5804\/revisions"}],"predecessor-version":[{"id":5827,"href":"https:\/\/cepaac.org\/index.php?rest_route=\/wp\/v2\/pages\/5804\/revisions\/5827"}],"wp:attachment":[{"href":"https:\/\/cepaac.org\/index.php?rest_route=%2Fwp%2Fv2%2Fmedia&parent=5804"}],"curies":[{"name":"wp","href":"https:\/\/api.w.org\/{rel}","templated":true}]}}

<p>[et_pb_section fb_built=&#8221;1&#8243; _builder_version=&#8221;4.27.4&#8243; _module_preset=&#8221;default&#8221; use_background_color_gradient=&#8221;on&#8221; background_color_gradient_stops=&#8221;rgba(0,0,0,0.65) 0%|rgba(0,0,0,0.66) 100%&#8221; background_color_gradient_overlays_image=&#8221;on&#8221; background_image=&#8221;https://cepaac.org/wp-content/uploads/2024/12/somosbg.png&#8221; global_colors_info=&#8221;{}&#8221;][et_pb_row _builder_version=&#8221;4.27.4&#8243; _module_preset=&#8221;default&#8221; global_colors_info=&#8221;{}&#8221;][et_pb_column type=&#8221;4_4&#8243; _builder_version=&#8221;4.27.4&#8243; _module_preset=&#8221;default&#8221; global_colors_info=&#8221;{}&#8221;][et_pb_text _builder_version=&#8221;4.27.4&#8243; _module_preset=&#8221;default&#8221; header_font=&#8221;Poppins|600|||||||&#8221; header_font_size=&#8221;3vw&#8221; header_2_font=&#8221;Poppins|500|||||||&#8221; header_2_font_size=&#8221;2vw&#8221; header_font_size_tablet=&#8221;6vw&#8221; header_font_size_phone=&#8221;8vw&#8221; header_font_size_last_edited=&#8221;on|phone&#8221; header_2_font_size_tablet=&#8221;4vw&#8221; header_2_font_size_phone=&#8221;6vw&#8221; header_2_font_size_last_edited=&#8221;on|phone&#8221; global_colors_info=&#8221;{}&#8221;]</p>
<div class="et_pb_module et_pb_text et_pb_text_0  et_pb_text_align_left et_pb_bg_layout_light">
<div class="et_pb_text_inner">
<h2 style="text-align: center;"><span class="OYPEnA font-feature-liga-off font-feature-clig-off font-feature-calt-off text-decoration-none text-strikethrough-none" style="color: #ffffff; font-weight: 400; font-style: normal; font-kerning: none;">Centro de Preservación de</span><span class="OYPEnA font-feature-liga-off font-feature-clig-off font-feature-calt-off text-decoration-none text-strikethrough-none white-space-prewrap" style="color: #ffffff; font-weight: 400; font-style: normal; font-kerning: none;"> </span><span class="OYPEnA font-feature-liga-off font-feature-clig-off font-feature-calt-off text-decoration-none text-strikethrough-none" style="color: #ffffff; font-weight: 400; font-style: normal; font-kerning: none;">Archivos </span><span class="OYPEnA font-feature-liga-off font-feature-clig-off font-feature-calt-off text-decoration-none text-strikethrough-none" style="color: #ffffff; font-weight: bold; font-style: normal; font-kerning: none;">Comunitarios</span></h2>
</div>
</div>
<p>[/et_pb_text][/et_pb_column][/et_pb_row][/et_pb_section][et_pb_section fb_built=&#8221;1&#8243; _builder_version=&#8221;4.27.4&#8243; _module_preset=&#8221;default&#8221; background_color=&#8221;#000000&#8243; global_colors_info=&#8221;{}&#8221;][et_pb_row _builder_version=&#8221;4.27.4&#8243; _module_preset=&#8221;default&#8221; custom_css_main_element=&#8221;margin: auto;||||&#8221; global_colors_info=&#8221;{}&#8221;][et_pb_column type=&#8221;4_4&#8243; _builder_version=&#8221;4.27.4&#8243; _module_preset=&#8221;default&#8221; global_colors_info=&#8221;{}&#8221;][et_pb_text _builder_version=&#8221;4.27.4&#8243; _module_preset=&#8221;default&#8221; text_font=&#8221;Poppins||||||||&#8221; text_text_color=&#8221;#FFFFFF&#8221; text_font_size=&#8221;0.9vw&#8221; text_font_size_tablet=&#8221;2vw&#8221; text_font_size_phone=&#8221;4vw&#8221; text_font_size_last_edited=&#8221;on|phone&#8221; global_colors_info=&#8221;{}&#8221;]</p>
<p style="text-align: justify;">El Centro de Preservación de Archivos Audiovisuales Comunitarios, CEPAAC nació dentro del colectivo ProMedios de comunicación comunitaria para efectuar el rescate del archivo histórico del colectivo. Durante los cuatro años que requirió este proyecto entendimos la necesidad que muchas organizaciones como la nuestra tienen de poder acceder a información, capacitación y recursos para la preservación de sus acervos</p>
<p style="text-align: justify;">CEPAAC hoy se ha convertido en un espacio que puede ofrecer apoyo para la asesoría de proyectos de rescate así como brindando los servicios para digitalización y restauración de acervos audiovisuales.</p>
<p>Somos fotógrafos y realizadores formados para la rescatar acervos con norma de preservación. Nos motiva la urgencia de preservar la experiencia de organizaciones y comunidades pequeñas que sin este acompañamiento no tendrían acceso a las grandes instituciones para resguardar su memoria y compartir esa historia con el mundo.</p>
<p>[/et_pb_text][/et_pb_column][/et_pb_row][et_pb_row column_structure=&#8221;1_3,1_3,1_3&#8243; _builder_version=&#8221;4.27.4&#8243; _module_preset=&#8221;default&#8221; global_colors_info=&#8221;{}&#8221;][et_pb_column type=&#8221;1_3&#8243; _builder_version=&#8221;4.27.4&#8243; _module_preset=&#8221;default&#8221; global_colors_info=&#8221;{}&#8221;][et_pb_image src=&#8221;https://cepaac.org/wp-content/uploads/2024/12/somosbg1.png&#8221; title_text=&#8221;somosbg1&#8243; show_in_lightbox=&#8221;on&#8221; _builder_version=&#8221;4.27.4&#8243; _module_preset=&#8221;default&#8221; global_colors_info=&#8221;{}&#8221;][/et_pb_image][/et_pb_column][et_pb_column type=&#8221;1_3&#8243; _builder_version=&#8221;4.27.4&#8243; _module_preset=&#8221;default&#8221; global_colors_info=&#8221;{}&#8221;][et_pb_image src=&#8221;https://cepaac.org/wp-content/uploads/2024/12/somosbg2.png&#8221; title_text=&#8221;somosbg2&#8243; show_in_lightbox=&#8221;on&#8221; _builder_version=&#8221;4.27.4&#8243; _module_preset=&#8221;default&#8221; global_colors_info=&#8221;{}&#8221;][/et_pb_image][/et_pb_column][et_pb_column type=&#8221;1_3&#8243; _builder_version=&#8221;4.27.4&#8243; _module_preset=&#8221;default&#8221; global_colors_info=&#8221;{}&#8221;][et_pb_image src=&#8221;https://cepaac.org/wp-content/uploads/2024/12/somosbg3.png&#8221; title_text=&#8221;somosbg3&#8243; show_in_lightbox=&#8221;on&#8221; _builder_version=&#8221;4.27.4&#8243; _module_preset=&#8221;default&#8221; global_colors_info=&#8221;{}&#8221;][/et_pb_image][/et_pb_column][/et_pb_row][et_pb_row _builder_version=&#8221;4.27.4&#8243; _module_preset=&#8221;default&#8221; custom_css_main_element=&#8221;margin: auto;||||&#8221; global_colors_info=&#8221;{}&#8221;][et_pb_column type=&#8221;4_4&#8243; _builder_version=&#8221;4.27.4&#8243; _module_preset=&#8221;default&#8221; global_colors_info=&#8221;{}&#8221;][et_pb_text _builder_version=&#8221;4.27.4&#8243; _module_preset=&#8221;default&#8221; text_font=&#8221;Poppins||||||||&#8221; text_text_color=&#8221;#FFFFFF&#8221; text_font_size=&#8221;0.9vw&#8221; text_font_size_tablet=&#8221;2vw&#8221; text_font_size_phone=&#8221;4vw&#8221; text_font_size_last_edited=&#8221;on|phone&#8221; global_colors_info=&#8221;{}&#8221;]</p>
<p style="text-align: justify;">En ese trabajo de acompañamiento surgió la necesidad de preservar la documentación realizada todos estos años y entonces en el año 2019 se emprendió el proceso de aprendizaje de metodologías y adquisición de técnica tecnología para preservar el acervo propio. Habiendo desarrollado un proceso así se llegó a la conclusión de que las capacidades construidas deberían ponerse al servicio de otros colectivos y organizaciones que como el nuestra se enfrentan a la tarea de preservar la memoria de esta región del mundo. El CEPAAC es un laboratorio que ofrece servicios acompañamiento y capacitación para la preservación de archivos comunitarios. Nuestra misión es rescatar preservar la memoria popular audiovisual como un recurso para el equilibrar las narrativas históricas que construirán la perspectiva a futuro de estos procesos.</p>
<p>&nbsp;</p>
<p>[/et_pb_text][/et_pb_column][/et_pb_row][/et_pb_section]</p>

<p>Centro de Preservación de Archivos Comunitarios El Centro de Preservación de Archivos Audiovisuales Comunitarios, CEPAAC nació dentro del colectivo ProMedios de comunicación comunitaria para efectuar el rescate del archivo histórico del colectivo. Durante los cuatro años que requirió este proyecto entendimos la necesidad que muchas organizaciones como la nuestra tienen de poder acceder a información, [&hellip;]</p>
